) = o + 628. Calculate l(-65).
563
Let s(i) = -i**3 - 52*i**2 - 228*i + 130. Determine s(-47).
-199
Let q(b) = -4*b**2 + 132*b - 237. Determine q(31).
11
Let s(t) = -11*t**3 - 75*t**2 + 15*t + 17. Determine s(-7).
10
Let g(p) = 151*p - 2264. What is g(15)?
1
Let j(w) = w**3 - 6*w**2 - 48*w - 104. Determine j(12).
184
Let s(d) = -2*d**3 + 19*d**2 - 8*d + 22. Give s(9).
31
Let z(d) = 169*d - 1520. Give z(10).
170
Let g(o) = 127*o - 239. Give g(2).
15
Let f(k) = -52*k + 1464. Determine f(28).
8
Let p(s) = 42*s - 786. What is p(19)?
12
Let z(j) = 3*j**2 + 3*j - 43. Give z(7).
125
Let k(i) = -3*i**3 + 60*i**2 - 109*i + 986. Determine k(19).
-2
Let z(c) = -c**3 + 4*c**2 + 12*c - 15. Determine z(-3).
12
Let l(z) = -1440*z + 1450. Calculate l(1).
10
Let s(i) = 4*i**3 + 30*i**2 - 216*i + 10. Determine s(-12).
10
Let t(g) = -g**3 - 28*g**2 - 159*g - 23. Give t(-7).
61
Let w(o) = 16*o - 37. Give w(7).
75
Let y(q) = -528*q + 10429. Give y(20).
-131
Let f(q) = q**3 - 9*q**2 - 5*q + 42. Give f(10).
92
Let z(c) = -28*c**2 - 5*c - 11. Determine z(-3).
-248
Let y(a) = -35*a - 419. Determine y(-11).
-34
Let f(h) = 3*h**2 - 8*h - 13. What is f(6)?
47
Let f(k) = 8*k**2 + 9*k - 8. Determine f(1).
9
Let w(m) = -3*m + 50. Give w(-8).
74
Let n(i) = -3*i**2 - 146*i - 76. Calculate n(-48).
20
Let c(p) = -4*p**2 - 61*p + 60. Calculate c(-17).
-59
Let v(g) = -g**3 + 24*g**2 - 16*g - 165. What is v(23)?
-4
Let r(l) = 2446*l + 36689. Give r(-15).
-1
Let w(i) = i**2 - 20*i - 55. Determine w(22).
-11
Let d(o) = -o**3 + 17*o**2 - 3*o + 9. Give d(17).
-42
Let a(g) = 2*g**2 + 317*g + 11816. Determine a(-60).
-4
Let g(k) = k**3 - 17*k**2 + 106*k - 252. Give g(9).
54
Let o(s) = 1126*s + 2239. Give o(-2).
-13
Let r(w) = 30*w + 55. What is r(-5)?
-95
Let n(p) = -44542*p + 267254. Give n(6).
2
Let n(j) = 1955*j + 50844. What is n(-26)?
14
Let a(d) = -122*d - 1145. Calculate a(-9).
-47
Let v(o) = 260*o + 731. What is v(-3)?
-49
Let b(r) = 2*r**2 - 36*r - 243. Calculate b(-6).
45
Let t(s) = 146*s - 1027. Give t(7).
-5
Let w(c) = c**3 + 91*c**2 + 793*c + 4507. Determine w(-82).
-3
Let i(z) = 3*z**2 - 113*z + 25. Determine i(38).
63
Let q(p) = p**2 - 556*p + 18179. What is q(35)?
-56
Let g(o) = 2*o**2 - 22*o + 9. Calculate g(12).
33
Let s(b) = -35*b + 438. Determine s(13).
-17
Let i(w) = -w**3 - 3*w**2 - 19*w - 210. What is i(-7)?
119
Let n(h) = -3*h**3 - 2*h**2 + 12*h + 11. What is n(-1)?
0
Let g(c) = -c**2 + 126*c - 204. Determine g(125).
-79
Let g(t) = -t**3 - 25*t**2 - 154*t + 28. What is g(-13)?
2
Let t(m) = -25*m - 120. What is t(-3)?
-45
Let h(k) = 2*k**3 + 10*k**2 + 27*k + 160. Determine h(-5).
25
Let x(l) = -3*l**2 + 10*l + 51. Determine x(7).
-26
Let x(r) = 241*r + 1443. Determine x(-6).
-3
Let o(m) = -m**2 + 74*m + 1208. Determine o(88).
-24
Let f(x) = -273*x + 212. Determine f(0).
212
Let m(r) = -247*r**2 + 3954*r - 9. Determine m(16).
23
Let x(q) = -q**2 + 461*q + 16. What is x(0)?
16
Let h(u) = 42685*u + 213422. Determine h(-5).
-3
Let m(a) = -11*a - 94. Calculate m(-2).
-72
Let v(j) = 157*j + 1171. Give v(-7).
72
Let q(c) = c**2 + 46*c - 216. Give q(-46).
-216
Let j(h) = -h**2 - 32*h + 26. What is j(-8)?
218
Let o(r) = -723*r - 15219. What is o(-21)?
-36
Let a(t) = t**2 + 7*t + 21. Give a(0).
21
Let f(q) = q**3 - 16*q**2 + 34*q + 54. Determine f(14).
138
Let q(x) = -x**3 - 120*x**2 - 895*x + 112. Determine q(-112).
0
Let o(v) = -2*v**2 - 49*v - 55. Calculate o(-24).
-31
Let m(d) = 2*d**3 + 3*d**2 + 2*d - 15. What is m(3)?
72
Let m(l) = 13*l**2 - 264*l + 121. Give m(20).
41
Let h(u) = -u**3 - 27*u**2 - 126*u - 3. Determine h(-6).
-3
Let m(b) = 118*b**2 - 1411*b + 1. Give m(12).
61
Let w(v) = -8*v**2 + 98*v + 317. Determine w(15).
-13
Let b(z) = -47*z - 265. Calculate b(-9).
158
Let s(u) = 6*u**2 - u + 16. Give s(0).
16
Let i(l) = -20*l**2 - 43*l + 8. Determine i(-4).
-140
Let f(i) = 132*i + 1341. Calculate f(-10).
21
Let g(m) = 9*m + 257. What is g(7)?
320
Let q(m) = -m**3 + 3*m**2 + 8*m + 24. Calculate q(-3).
54
Let g(b) = 38*b + 514. What is g(-22)?
-322
Let l(g) = -7*g**2 + 180*g - 384. Determine l(2).
-52
Let c(p) = -p**3 - 3*p**2 - 14*p - 7. Give c(0).
-7
Let l(v) = v**3 - 15*v**2 + 11*v + 11. Determine l(15).
176
Let i(u) = -6*u**3 + 34*u**2 + 50*u - 231. What is i(6)?
-3
Let s(r) = 9*r + 216. Determine s(-14).
90
Let p(x) = -213*x - 953. Calculate p(-5).
112
Let l(g) = -1096*g + 8773. What is l(8)?
5
Let n(l) = -28*l**2 - 635*l + 202. Determine n(-23).
-5
Let t(d) = d**2 - 6*d - 520. Calculate t(26).
0
Let k(b) = 74*b + 226. Give k(-5).
-144
Let o(t) = 123*t + 1731. Determine o(-15).
-114
Let s(l) = -616*l + 28954. What is s(47)?
2
Let r(x) = -154*x + 314. What is r(2)?
6
Let i(a) = 102*a**2 - 1536*a + 86. What is i(15)?
-4
Let h(b) = 529*b - 7418. Calculate h(14).
-12
Let m(w) = w**2 - 72*w - 312. What is m(76)?
-8
Let c(m) = m**3 + 29*m**2 + 123*m + 3427. What is c(-29)?
-140
Let g(t) = 162*t - 642. What is g(4)?
6
Let s(t) = 891*t - 3825. Determine s(4).
-261
Let k(g) = -220*g + 15. What is k(0)?
15
Let h(r) = 12*r**2 + 5*r + 2. Determine h(2).
60
Let z(q) = -51*q - 313. Determine z(-7).
44
Let l(v) = v**3 + 22*v**2 + 107*v + 26. Calculate l(-7).
12
Let z(a) = -7*a - 818. Determine z(-118).
8
Let b(n) = 9*n**3 - 36*n**2 + n - 10. Determine b(4).
-6
Let z(b) = -b**2 - 31*b + 8131. Calculate z(-107).
-1
Let j(b) = 10869*b + 10871. What is j(-1)?
2
Let m(s) = -15*s + 901. Determine m(35).
376
Let n(h) = 2*h + 73. What is n(5)?
83
Let n(r) = -18*r**3 + 117*r**2 - 179*r + 5. What is n(4)?
9
Let m(a) = -43*a - 1830. What is m(-44)?
62
Let a(l) = -95*l - 1554. Give a(-16).
-34
Let p(a) = 3*a**3 + 2*a**2 + a - 2. Determine p(-1).
-4
Let v(j) = 3*j**2 - 164*j - 54. What is v(55)?
1
Let s(q) = 19*q**2 - 7*q - 40. What is s(-3)?
152
Let t(h) = -1145*h - 8026. Calculate t(-7).
-11
Let h(v) = -v**3 - 7*v**2 + 3*v + 2. Calculate h(4).
-162
Let d(y) = 124*y - 3047. Determine d(23).
-195
Let r(u) = u**2 - 17*u - 132. Calculate r(15).
-162
Let s(v) = v**2 - 20*v - 35. What is s(-14)?
441
Let l(g) = -g**2 - 31*g + 525. What is l(-39)?
213
Let r(a) = 20*a**3 + 621*a**2 + 34*a + 98. Give r(-31).
5
Let i(c) = -55*c + 127. Calculate i(4).
-93
Let l(p) = -11753*p + 35248. Determine l(3).
-11
Let h(t) = -t**2 - 4*t + 54. Give h(-12).
-42
Let m(t) = t**2 - 44*t + 324. Give m(9).
9
Let l(w) = -w**2 - 41*w - 314. Calculate l(-31).
-4
Let r(z) = z**3 - 10*z**2 + 7*z - 12. Determine r(9).
-30
Let c(m) = -8*m**2 + 20*m - 46. Give c(4).
-94
Let l(d) = 170*d + 811. Determine l(-4).
131
Let h(d) = -3*d**2 - 63*d + 998. What is h(-31)?
68
Let i(p) = 123*p**2 + 454*p + 2. Calculate i(-3).
-253
Let a(q) = q**3 - q**2 - 4*q + 8. Give a(0).
8
Let q(p) = -70*p**2 - 1405*p - 110. What is q(-20)?
-10
Let q(y) = -3*y**2 + 2*y - 5. Give q(-6).
-125
Let i(j) = j**3 + 76*j**2 + 146*j - 42. Determine i(-74).
106
Let h(k) = k**2 - 12*k - 11. Calculate h(-8).
149
Let p(g) = g**3 - 16*g**2 + 52*g - 8. Determine p(6).
-56
Let x(y) = 2*y**3 - 7*y**2 + 10*y - 10. Calculate x(3).
11
Let t(a) = 8*a**2 + 899*a + 897. Give t(-1).
6
Let q(t) = -1580*t + 11070. Give q(7).
10
Let z(v) = -v**3 - 21*v**2 - 59*v - 435. What is z(-19)?
-36
Let i(w) = -452*w + 4984. Give i(11).
12
Let c(o) = -o**3 + 109*o**2 + 116*o - 301. What is c(110)?
359
Let k(r) = r**2 - 34*r + 258. Determine k(23).
5
Let x(v) = -v**2 - 46*v - 256. Determine x(-44).
-168
Let l(s) = 5*s**2 + 2*s - 4. Determine l(2).
20
Let w(z) = -6*z**2 + 228*z - 416. Determine w(36).
16
Let j(t) = -11*t - 33. Give j(4).
-77
Let b(i) = -2*i**3 + 13*i - 23. Determine b(3).
-38
Let v(z) = -51*z - 1282. Determine v(-23).
-109
Let h(j) = -2695*j - 16149. What is h(-6)?
21
Let n(d) = -8*d**2 + 34*d + 4. What is n(5)?
-26
Let j(s) = -2*s**2 - 68*s - 660. Determine j(-24).
-180
Let q(h) = 2*h**2 + 1980*h + 48254. Give q(-25).
4
Let c(t) = 11*t - 400. What is c(34)?
-26
Let s(j) = -3063*j - 55140. Determine s(-18).
-6
Let c(t) = t**3 + 6*t**2 + 5*t + 48. Give c(-7).
-36
Let v(h) = 51*h - 415. What is v(8)?
-7
Let j(m) = 117*m + 136. Calculate j(-1).
19
Let j(n) = -n**3 - n**2 + 6*n + 7. Calculate j(4).
-49
Let n(o) = -o**2 + 157*o - 3184. What is n(24)?
8
Let u(c) = -c**3 + 164*c**2 - 1969*c + 902. Give u(151).
-4
Let f(s) = -51*s**2 - 1275*s + 9. Determine f(-25).
9
Let a